f 5735?
5
What is the tens digit of 321?
2
What is the tens digit of 3665?
6
What is the thousands digit of 13219?
3
What is the tens digit of 6881?
8
What is the hundreds digit of 2038?
0
What is the units digit of 4885?
5
What is the units digit of 76575?
5
What is the hundreds digit of 44916?
9
What is the thousands digit of 91098?
1
What is the thousands digit of 31818?
1
What is the units digit of 8557?
7
What is the thousands digit of 65985?
5
What is the thousands digit of 9944?
9
What is the hundreds digit of 1806?
8
What is the thousands digit of 2371?
2
What is the units digit of 35243?
3
What is the hundreds digit of 20803?
8
What is the tens digit of 15328?
2
What is the units digit of 1195?
5
What is the hundreds digit of 8565?
5
What is the tens digit of 2350?
5
What is the hundreds digit of 1009?
0
What is the hundreds digit of 6489?
4
What is the hundreds digit of 4925?
9
What is the thousands digit of 2837?
2
What is the hundreds digit of 1517?
5
What is the hundreds digit of 3292?
2
What is the tens digit of 2645?
4
What is the units digit of 46382?
2
What is the tens digit of 1845?
4
What is the hundreds digit of 1675?
6
What is the ten thousands digit of 12383?
1
What is the units digit of 22970?
0
What is the tens digit of 31316?
1
What is the tens digit of 1772?
7
What is the ten thousands digit of 20274?
2
What is the thousands digit of 69303?
9
What is the hundreds digit of 291?
2
What is the hundreds digit of 18591?
5
What is the hundreds digit of 115555?
5
What is the units digit of 175?
5
What is the thousands digit of 35219?
5
What is the units digit of 39?
9
What is the hundreds digit of 4645?
6
What is the tens digit of 854?
5
What is the thousands digit of 76039?
6
What is the thousands digit of 6216?
6
What is the hundreds digit of 63903?
9
What is the units digit of 30185?
5
What is the units digit of 1793?
3
What is the tens digit of 814?
1
What is the units digit of 29771?
1
What is the units digit of 3264?
4
What is the thousands digit of 69630?
9
What is the tens digit of 974?
7
What is the thousands digit of 55546?
5
What is the thousands digit of 3396?
3
What is the units digit of 683?
3
What is the thousands digit of 11448?
1
What is the units digit of 6433?
3
What is the tens digit of 618?
1
What is the units digit of 3990?
0
What is the tens digit of 225?
2
What is the hundreds digit of 24182?
1
What is the hundred thousands digit of 113280?
1
What is the thousands digit of 4143?
4
What is the tens digit of 6475?
7
What is the hundreds digit of 11949?
9
What is the thousands digit of 3852?
3
What is the tens digit of 2066?
6
What is the tens digit of 1311?
1
What is the units digit of 346?
6
What is the thousands digit of 34466?
4
What is the thousands digit of 5739?
5
What is the hundreds digit of 894?
8
What is the units digit of 19295?
5
What is the tens digit of 4331?
3
What is the hundreds digit of 18231?
2
What is the tens digit of 6657?
5
What is the tens digit of 4452?
5
What is the tens digit of 2352?
5
What is the hundreds digit of 1242?
2
What is the units digit of 1138?
8
What is the ten thousands digit of 15152?
1
What is the units digit of 669?
9
What is the units digit of 1073?
3
What is the hundreds digit of 13928?
9
What is the tens digit of 2875?
7
What is the tens digit of 35311?
1
What is the ten thousands digit of 14540?
1
What is the hundreds digit of 5718?
7
What is the units digit of 85437?
7
What is the hundreds digit of 7516?
5
What is the hundreds digit of 2042?
0
What is the tens digit of 46812?
1
What is the hundreds digit of 25919?
9
What is the units digit of 13721?
1
What is the hundreds digit of 518?
5
What is the tens digit of 16360?
6
What is the units digit of 82?
2
What is the units digit of 25993?
3
What is the thousands digit of 3937?
3
What is the units digit of 2290?
0
What is the units digit of 1919?
9
What is the thousands digit of 85283?
5
What is the ten thousands digit of 81561?
8
What is the units digit of 884?
4
What is the hundreds digit of 50431?
4
What is the tens digit of 28266?
6
What is the thousands digit of 71429?
1
What is the units digit of 25128?
8
What is the tens digit of 192?
9
What is the units digit of 13176?
6
What is the hundreds digit of 2059?
0
What is the hundreds digit of 9174?
1
What is the tens digit of 3969?
6
What is the thousands digit of 36833?
6
What is the units digit of 530?
0
What is the thousands digit of 1578?
1
What is the units digit of 971?
1
What is the hundreds digit of 32359?
3
What is the tens digit of 1690?
9
What is the tens digit of 143?
4
What is the hundreds digit of 2695?
6
What is the ten thousands digit of 33210?
3
What is the tens digit of 10290?
9
What is the hundreds digit of 6090?
0
What is the units digit of 2758?
8
What is the thousands digit of 1903?
1
What is the units digit of 21670?
0
What is the tens digit of 11267?
6
What is the hundreds digit of 33658?
6
What is the tens digit of 1110?
1
What is the units digit of 394?
4
What is the units digit of 4571?
1
What is the hundreds digit of 899?
8
What is the ten thousands digit of 33846?
3
What is the units digit of 566?
6
What is the tens digit of 858?
5
What is the tens digit of 816?
1
What is the hundreds digit of 75491?
4
What is the units digit of 2550?
0
What is the tens digit of 691?
9
What is the tens digit of 38608?
0
What is the thousands digit of 9361?
9
What is the ten thousands digit of 15314?
1
What is the hundreds digit of 21725?
7
What is the thousands digit of 4432?
4
What is the units digit of 1707?
7
What is the tens digit of 152082?
8
What is the units digit of 17835?
5
What is the units digit of 21?
1
What is the ten thousands digit of 77471?
7
What is the thousands digit of 8374?
8
What is the units digit of 386?
6
What is the tens digit of 6549?
4
What is the tens digit of 9502?
0
What is the tens digit of 25141?
4
What is the tens digit of 7844?
4
What is the hundreds digit of 106780?
7
What is the thousands digit of 68795?
8
What is the hundreds digit of 44463?
4
What is the thousands digit of 3926?
3
What is the units digit of 408?
8
What is the hundreds digit of 949?
9
What is the thousands digit of 23712?
3
What is the hundreds digit of 25764?
7
What is the units digit of 65?
5
What is the ten thousands digit of 21344?
2
What is the units digit of 3284?
4
What is the tens digit of 931?
3
What is the tens digit of 84?
8
What is the hundreds digit of 970?
9
What is the hundreds digit of 9756?
7
What is the tens digit of 10419?
1
What is the thousands digit of 6050?
6
What is the units digit of 1749?
9
What is the tens digit of 610?
1
What is the units digit of 34760?
0
What is the units digit of 6046?
6
What is the hundreds digit of 78226?
2
What is the hundreds digit of 1570?
5
What is the tens digit of 61146?
4
What is the ten thousands digit of 64053?
6
What is the ten thousands digit of 24195?
2
What is the hundreds digit of 470?
4
What is the units digit of 89016?
6
What is the tens digit of 1291?
9
What is the units digit of 18567?
7
What is the hundreds digit of 46662?
6
What is the thousands digit of 1047?
1
What is the tens digit of 3005?
0
What is the thousands digit of 2682?
2
What is the units digit of 1176?
6
What is the thousands digit of 116310?
6
What is the units digit of 2458?
8
What is the hundreds digit of 57666?
6
What is the tens digit of 7669?
6
What is the thousands digit of 2699?
2
What is the hundreds digit of 168?
1
What is the units digit of 1111?
1
What is the hundreds digit of 10876?
8
What is the thousands digit of 36593?
6
What is the units digit of 9711?
1
What is the units digit of 96791?
1
What is the tens digit of 4512?
1
What is the thousands digit of 3985?
3
What is the hundreds digit of 558?
5
What is the units digit of 88?
8
What is the units digit of 255?
5
What is the units digit of 8383?
3
What is the units digit of 61371?
1
What is the hundreds digit of 508?
5
What is the thousands digit of 3297?
3
What is the tens digit of 523?
2
What is the tens digit of 110763?
6
What is the hundreds digit of 8787?
7
What is the units digit of 346?
6
What is the units digit of 310?
0
What is the tens digit of 13600?
0
What is the thousands digit of 24272?
4
What is the thousands digit of 3